**2 - 2*m + 8. What is the tens digit of z(6)?
6
Let f(i) = -i**3 + 13*i**2 + i - 10. Let v be f(13). Suppose 6*a - 2 = 3*a - y, -20 = -4*a + 3*y. Suppose -v*k + 5 = a*k. What is the units digit of k?
1
What is the units digit of 4/(-38) + (-1488)/(-57)?
6
Let q(t) = 18*t - 2. Let o be q(2). Suppose 2*f - o = -2*w, 2*w + 44 = 5*w - 4*f. Suppose -w = -3*v + u, -2 + 0 = -v + u. What is the units digit of v?
7
Let d = 81 + -71. What is the units digit of d?
0
Let a = 20 - -72. What is the tens digit of a?
9
Let u(j) = -j**3 - j**2 + 4*j + 4. Let r be u(-2). Suppose r = 4*p + p - 125. What is the units digit of p?
5
Suppose 0 = r + 3*r. What is the units digit of r - ((-3 - -3) + -7)?
7
Let b = -9 + 12. Suppose b*x + 3*s - 45 = 0, -2*x + 2*s = -3*s - 16. Suppose -2*c = -c - x. What is the units digit of c?
3
What is the units digit of ((-18)/(-10) - 3)/((-3)/360)?
4
Let c = -2 + 57. What is the tens digit of c?
5
Let q = 24 + -14. Suppose -4*p + 8 = -0. What is the units digit of ((-16)/q)/(p/(-5))?
4
Let j(y) = y. Let k(f) = 3*f + 8. Let c(l) = -2*j(l) + k(l). Let u = -8 + 3. What is the units digit of c(u)?
3
Let u be -1*(-3)/(-6)*4. Let k(w) = -10*w. Let o be k(u). Suppose o = -m + 5*m. What is the units digit of m?
5
Suppose -17*v = -14*v - 138. What is the tens digit of v?
4
Let r = 31 - -1. What is the units digit of r?
2
Let f = 2 + -2. Suppose 4*u - u = f. Suppose -r - r + 4 = u. What is the units digit of r?
2
Suppose 4*z = 4*h - 0*z - 348, 4*h + 2*z = 318. What is the tens digit of h?
8
Suppose 0 = -2*s + 3*q + 4, 0*s - 5*q + 36 = 2*s. Suppose -m + 2*m = s. What is the units digit of m?
8
Let i be 1*28/((-8)/(-2)). Suppose 0 = -6*f + 55 - i. What is the units digit of f?
8
Let y be 3/(-6) - 7/(-2). Let s = y + 5. Let o = -2 + s. What is the units digit of o?
6
Let s = 41 + -29. Suppose -t - s = -2*t. What is the units digit of t?
2
Let k(c) = 3 + 4*c + c**3 + 7*c**2 + 0*c - 5. Let w be k(-4). Suppose -5*o - 5 + w = 0. What is the units digit of o?
5
Suppose 0 = 5*p + 2*u - 0*u + 40, 3*p + 8 = 2*u. Let y be p/(-21) + (-26)/(-7). Suppose 0*b = y*b - 20. What is the units digit of b?
5
Let g(h) = -3*h - 1. Let v be g(-2). Suppose 5*n - 63 = -2*w, v*w = -n + w + 27. Let s = -1 + n. What is the units digit of s?
0
What is the units digit of 0 - 2 - -103 - (-3 - -2)?
2
Suppose -134 = -4*i + 38. What is the tens digit of i?
4
Let x(l) = -l. Let r be x(-1). What is the units digit of 2/r + 80/8?
2
Let x be 17/51*(-9)/(-1). What is the units digit of -4*x/3 + 40?
6
Let i = -7 - -26. What is the units digit of i?
9
Let w(d) = 13*d**2 - 29*d - 8. Let l(z) = 3*z**2 - 7*z - 2. Let q(r) = -9*l(r) + 2*w(r). What is the units digit of q(4)?
6
Suppose 0*u + 4*u - 296 = 2*t, -3*u + 4*t = -212. What is the tens digit of u?
7
Suppose 2*n - 15 = -n. Suppose -4*h = h - n. What is the units digit of h?
1
Let m(y) = -2*y + 3. Let n(x) = -x**3 - 15*x**2 - 13*x + 12. Let f be n(-14). What is the units digit of m(f)?
7
Let f(r) = 26*r**2 - 2*r - 2. What is the tens digit of f(-1)?
2
Let v(g) = g**2 - g + 2. Let t be v(0). What is the tens digit of (t/3)/((-4)/(-66))?
1
Let g = -3 + 1. Let n be (0/(1 - 2))/g. Let a = n - -8. What is the units digit of a?
8
Suppose 2*b = 4*n - 674, 7*n - 167 = 6*n + 2*b. What is the hundreds digit of n?
1
Let w(s) = -4*s. Let g(t) = -8*t + 1. Let l(x) = -2*g(x) + 5*w(x). What is the units digit of l(-2)?
6
Let z be ((-45)/6 + -1)*-2. Let u = z - 10. What is the units digit of u?
7
Suppose 2*l + 2*l = 868. What is the units digit of l?
7
Suppose -2*b + 4*q + 38 = 0, -12 = -2*q - q. Suppose 5*i + b = o - 41, -4*o + 182 = -2*i. What is the units digit of o?
3
Suppose 0 = -i + 3*v - 108, 0 = 6*i - 2*i + 4*v + 432. Let t = 151 + i. What is the units digit of t?
3
Let x(s) = -s**2 - 8*s + 16. What is the units digit of x(-7)?
3
Let p(w) = -4*w - 3. Let g(d) = 4*d + 4. Let u(b) = 2*g(b) + 3*p(b). What is the units digit of u(-2)?
7
Let j(m) = -m**3 - 4*m**2 + 6*m + 2. Let y be j(-5). Let i = y + -2. Let h = i - -13. What is the units digit of h?
8
Suppose 5*q - 265 = 5*y, 3*q + 3*y - 121 = 62. What is the units digit of q?
7
Suppose -3*s - 2*r - 4 = 2*r, -5*r - 12 = 2*s. Suppose 3*b = s + 8. Let f = b + -2. What is the units digit of f?
2
Let j(d) = d**2 - 5*d + 4. Let s be j(5). What is the tens digit of s/(-18) - 292/(-18)?
1
Suppose -10 = -3*h - 2*h. Suppose -h*p - 2 = -6. What is the units digit of p?
2
Let w(q) = q**3 - 13*q**2 + 9*q + 24. What is the units digit of w(13)?
1
Let r(m) = m + 7. Let z be r(-9). What is the tens digit of (-18 + 8)/(1 + z)?
1
Let b = 112 - 104. What is the units digit of b?
8
Let w be 1 + -2 - (2 + -3). Let k = 18 + w. What is the tens digit of k?
1
Let p(d) = 5*d**2 + 4*d + 16. What is the hundreds digit of p(-5)?
1
Let k(p) = -p**3 - 12*p**2 - p - 1. Let i be k(-12). Suppose 5*d - 39 = i. What is the tens digit of d?
1
Suppose -3*d - 100 = -j, -204 = -2*j + 3*d + d. Suppose -4*s + j = 3*m, s + 2*m = -9 + 33. What is the tens digit of s?
2
Suppose -5*c - 15 + 0 = 0. Let y be (-107)/(-4) - c/12. Suppose 2*m - y = 5*t, -3*m + 3*t = -0*t - 27. What is the units digit of m?
6
Let f(m) = m**2 - 3*m - 7. Suppose -3*d + 2 = 4*s, 2*d - 20 = 3*s + 4. What is the units digit of f(d)?
1
Suppose -2*l + 369 = -81. What is the tens digit of l?
2
Let b be -17 - 1*9/(-3). Let q(f) = f**2 - 4*f + 3. Let m be q(5). What is the units digit of m/(-28) - 102/b?
7
Let x be (10 + -9)*1/1. Suppose 45 = 4*t + x. What is the tens digit of t?
1
Let u(g) = -7*g + 8. What is the tens digit of u(-5)?
4
Let z(b) = b**3 + 7*b**2 - 8*b + 1. Let u be (4/(-6))/((-3)/(-36)). Let m be z(u). Suppose 5*a = -4*h + 63, m - 28 = -2*a - h. What is the tens digit of a?
1
Suppose 2*j + 5*a = -13 + 4, a + 12 = 3*j. Suppose -5*z = 2*q - 1, -3*q + 2*q - j*z = 1. What is the units digit of q?
8
Let p(c) = -5*c - 1. Let g be p(-1). Let u(m) = 2*m**2 - m + 1. Let l be u(1). Suppose 0 = l*q - g. What is the units digit of q?
2
Let u = 36 + 46. What is the tens digit of u?
8
Let z = 2 + -2. Suppose 3*j = z, j = 5*u - j. Suppose f - c = u, 5*c - 3 = -f + 5*f. What is the units digit of f?
3
Let t be 192/5 + (-4)/10. Let p = t + -19. What is the tens digit of p?
1
Suppose 1 = -2*t - 3. Let s = -2 - t. Suppose s = -5*j + 4*j + 10. What is the units digit of j?
0
Let z(m) = m**3 - 5*m**2 - m + 3. Let q be z(5). Let y = q - -14. What is the tens digit of y?
1
Suppose -5*k = -3*k + 14. Let w(a) = -3*a - 5. Let h(u) = -4*u - 6. Let q(p) = 4*h(p) - 5*w(p). What is the units digit of q(k)?
8
Suppose 0 = -2*b - 0 - 4. Let w = b + 5. What is the units digit of w?
3
Let h = -29 + 48. Let x be (-63)/5 + (-2)/5. Let t = x + h. What is the units digit of t?
6
Let p be 2 + (2/1 - 1). What is the tens digit of (1/p)/((-5)/(-195))?
1
Let c be (2 - -1)*(-30)/9. Suppose -5*z - 4*v = -53, 0*z + v = z - 7. What is the units digit of (-24)/c + z/15?
3
Let a(s) = -s**3 - 2*s**2 - s - 1. Let p be a(-2). Let u = 9 - p. What is the units digit of u?
8
Suppose 0 = -c + 3*u + 71, -c = -2*u + 1 - 76. What is the tens digit of c?
8
Let r(n) = -7*n - 2. Let g(p) = p + 0*p - 2*p. Let m(x) = -6*g(x) + r(x). What is the units digit of m(-6)?
4
Let s(d) = -2*d + 5. Let y be s(6). Let j(f) be the third derivative of f**5/60 + f**4/4 - f**3/6 + f**2. What is the units digit of j(y)?
6
Let f = 5 - 4. Let z = 5 - f. What is the units digit of z?
4
Let u(f) = 3*f - 18. Let y be u(8). Suppose -5*i + y = -124. What is the units digit of i?
6
Suppose 3*s - 4*k + 34 = -14, 2*k = -4*s - 42. Let f = s - -7. What is the units digit of (-4)/10*50/f?
4
Let n(f) = f**3 + f**2 + f. Let x(g) = 4*g**3 + g**2 - 3*g - 4. Let h(t) = 2*n(t) + x(t). What is the units digit of h(2)?
4
Let m be 7*1*(-9)/(-9). Suppose -2*l = -m*l + 145. What is the tens digit of l?
2
Let v be -48 - (6/(-2) + 2). Let x = 84 + v. What is the units digit of x?
7
Suppose 0 = 3*x - 6*x - 18. Let r(t) = 5*t**3 - t**2 - 7*t - 6. Let s(v) = 4*v**3 - v**2 - 6*v - 7. Let m(u) = x*s(u) + 5*r(u). What is the tens digit of m(0)?
1
Let c be 3*((-10)/(-3))/(-2). Let n = 13 + c. What is the units digit of n?
8
What is the units digit of (4/6)/(3/153)?
4
Suppose 3*c = c + 2. Let s = c - 0. What is the units digit of 6*s - (-3 - -3)?
6
Let h(l) = 